What is 1 + (-14 - -42) - 32?
-3
(1 - 3 - (99 - 106)) + (0 - -4)
9
What is 30 - (13 - -1) - 30?
-14
(1 - (-3 - 3)) + (-9 + 12 - -1)
11
What is 0 + 4 + 4 + (-2 - -1 - 5)?
2
What is -7 + 16 + -27 + 13?
-5
Evaluate -5 - -5 - (-4 + 1 - (137 + -130)).
10
What is the value of -4 + 16 + (20 - 15)?
17
Calculate -3 + (-8 + 30 - 11).
8
What is 3 + 7 + 2 - (-200 - -197)?
15
What is the value of -14 + (6 - (-10 - -21) - -2) + -2?
-19
Calculate -27 - (12 - (-16 - -30)).
-25
Evaluate 0 + (11 - 7) - (3 + 8).
-7
What is the value of 7 + 16 + (-38 - 4)?
-19
Evaluate 29 - (-28 - -31 - 1).
27
What is 22 + -5 - (-35 + 30)?
22
Evaluate 1 - -6 - (-5 - 11 - (-4 + -18)).
1
What is the value of (-49 - -2) + (15 - -9)?
-23
(-27 + 11 - -26 - 11) + 0 + 6
5
2 + -1 + 2 - (-803 - -801)
5
Evaluate -7 + 14 + -20 - 4.
-17
What is the value of -1 - (0 + 2) - (-8 + -1) - 0?
6
What is -5 + (7 - (8 - (11 + -1)))?
4
Calculate 118 - 112 - (3 - (3 - -1)).
7
What is the value of 0 + -27 + (-8 - (-18 - (2 + 0)))?
-15
Calculate (-13 + -3 - -17) + -1.
0
Evaluate 0 + -7 + 2 - (-21 + (1 - 0)).
15
(1 - 27) + 198 + -177
-5
What is the value of (1 - (2 + 1) - 4) + 746 + -743?
-3
Calculate (-3 - -20 - 9) + -4.
4
26 + -5 + (-5 - 7)
9
Calculate -1 + 1 + (4 + 2 - 21).
-15
Evaluate -11 - -23 - (-7 + 42 - 0).
-23
What is (22 - 17) + 0 + 12 + (4 - 6)?
15
Calculate -14 - ((13 - -3) + -33).
3
What is -21 - -8 - (-15 + 5)?
-3
Evaluate 11 + -14 + 5 + 2.
4
Calculate (20 - 6 - 14) + 7 + 0 + -9.
-2
Evaluate (-31 - 4) + 37 - (-2 - (19 + -2)).
21
Evaluate -13 - (1 - (-32 - -53)).
7
What is the value of -3 + 25 + -48 + -4?
-30
Calculate (2053 - 2098) + (-2 - -14).
-33
Evaluate (-2 - (3 - -4)) + 1 + (3 - 4).
-9
Calculate 8 + (-3 - -4) - (-3 + 6 - 7).
13
What is (-2 - -3) + 0 + (-38 - -20) + 26?
9
What is the value of -1 + 24 + -4 + -8?
11
11 - (16 - (-8 + 12))
-1
What is -2 + -2 + 7 + -12 + (-1 - -5)?
-5
19 + (-2 - 11) + -1
5
Calculate 71 - 41 - (-3 - -44).
-11
-2 + 1 + 13 + -4067 + 4052
-3
What is the value of -16 + (5 - -9) - (-3 - (-13 + 3))?
-9
-1 + (-23 - -33) - (2 + 0)
7
Evaluate (-2 - 8) + 15 + 1 + -13 + 14.
7
What is the value of -19 + 4 + 11 - 7?
-11
What is the value of (-17 + (-8 - (-4 - 1)) - -9) + -13?
-24
9 + (0 - 1 - 3) + 61 + -59
7
Calculate -9 + 10 + (38 - 26).
13
Calculate 0 + (1 - 2) + (20 + 6 - 28).
-3
Evaluate (-9 - (2 + -1 + -1)) + 18.
9
Evaluate 48 - 54 - (1 + 5).
-12
122 - 127 - (-1 + -16)
12
What is -8 + (-6 + 10 - 9 - -31)?
18
What is -52 + (-23 - -55) - (2 - (0 - 5))?
-27
What is (25 - -8 - 20) + -18?
-5
Calculate (1 - (-6 - (7 + -8))) + -3 + -15.
-12
Evaluate -3 - (0 + (-10 - -10 - (4 + -8))).
-7
Evaluate (-4 - (-1 + 1)) + (-73 + 150 - 55).
18
Evaluate -1 - (-23 + 14) - (0 - 1).
9
What is (-19 - -7) + -1 - -29?
16
What is the value of (-26 - -6) + 6 + (11 - 15)?
-18
Calculate -29 + -8 - -25 - (-1 + -15).
4
What is the value of -23 - (-1 + (-12 - (-1 - 3) - -2))?
-16
What is -33 + 45 + (2 - 7) + 4?
11
-5 + (0 + 7 - 0) - 7
-5
Calculate 24 + -13 + -1 - (32 - 0).
-22
Evaluate 74 + -69 + 0 + -9 - 8.
-12
Calculate 6 - ((11 - 6) + 20 + -41).
22
Evaluate -1 + (-6 - 0) + (-272 - -264).
-15
Evaluate (-8 - (6 - 22) - (1 - 2)) + 22.
31
What is -1 + 13 + (-8 + -17 - -34 - -1)?
22
Evaluate -230 + 213 - (-45 - 1 - -2).
27
What is 0 + 10 - (94 - 86)?
2
Evaluate 3 + 1 - 2 - (-9 - -5 - -6).
0
Evaluate 20 - ((10 - (3 + 11)) + 11 + 0).
13
Calculate 2 + (-15 - (6 - (1 + (9 - 9)))).
-18
1 - 8 - ((-42 - -18) + 2)
15
Evaluate 8 + 14 + -1 + (10 - 8) + -4.
19
What is (1 - 6) + 4 + (-7 - -7)?
-1
What is 5 + -10 - ((-4 - -7) + -21)?
13
Calculate -24 + 0 + 10 - (4 + -3 - 6).
-9
What is the value of (0 + 3 - 7) + 188 + -196?
-12
Evaluate -49 - -16 - (-10 + (6 - -5 - 8)).
-26
Evaluate 12 - -1 - (-26 + 23 + 2).
14
Calculate 3 + -1 + 7 + 2 + -6 + -8.
-3
Calculate 6 + 1 + (8 - 15) - (2 - 17).
15
(-1 + 5 - (-9 - -5)) + (-14 - -1)
-5
15 + (9 - 16) - 23
-15
What is (34 - 17) + (-7 - -4 - -1)?
15
Evaluate 24 + (5 + 8 + -1 - 17).
19
What is -11 - -1 - (402 + -419) - (16 - -1)?
-10
What is the value of -15 - (9 + -27) - 1?
2
Evaluate 8 - (4 - 8 - -10).
2
What is the value of -5 + -17 - (-1 - -7 - (-4 - -4))?
-28
What is -1275 + 1239 + (0 - -12)?
-24
What is the value of -1 + (86 - 85) + (0 - -11)?
11
What is -22 + 13 - -21 - -4?
16
What is the value of -61 + 71 - (4 + -3 + 2)?
7
What is the value of -285 + 300 - (-8 + 2 - -1)?
20
(38 - 37) + 1 - 25
-23
-4 + 5 - -4 - (21 - (12 + -6))
-10
Calculate (-2 - -6 - (-3 + (-9 - -19))) + -5.
-8
Calculate 18 - 14 - 1 - 24 - -14.
-7
(0 - 5 - -6) + -4 - -21
18
What is the value of 22 + -27 + -2 + (3 + 0 - 3)?
-7
Calculate -4 - -20 - (32 - (14 - -2)).
0
-8 - (-38 + 20) - 18
-8
-2 + 1 + 6 - (48 - (132 - 64))
25
What is the value of 2 - 17 - (-37 - -17 - -19)?
-14
-5 - (2 - 12) - (9 - 2)
-2
Calculate 18 - (25 - (33 + -13)).
13
What is (4 - 5) + -19 + 13 + 9?
2
Calculate -8 + (-9 + 16 - -8).
7
What is 12 + -8 + -10 + (4 + -2 - -5)?
1
Calculate 10 - (-5 - (5 + (8 - 12 - -4))).
20
Calculate 11 + -5 + 0 + 6 + 18 + -21.
9
Calculate ((40 - 15) + -23 - (1 + -7)) + 32.
40
-1 + -17 - (29 + -11 - 9 - 9)
-18
What is the value of -11 + (2 - (7 - -7)) + 4?
-19
What is the value of 16 - 1 - 18 - -17?
14
8 + (-26 - (-21 + -5)) + (-1 - 4)
3
-18 + 16 + 2 + -21 + -3
-24
3 - 13 - (-5 - -1 - 1 - -5)
-10
What is the value of (16 - 10 - 12) + (14 - 0)?
8
What is the value of -41 - ((-73 - -62) + 2 + -8)?
-24
What is the value of -4 + (16 - (28 + -6) - (-6 + 1))?
-5
((-6 - -13) + -2 - 8) + -3 + 0
-6
What is -38 + (30 - (-23 + 11))?
4
Evaluate -3 + 19 + -30 - -15.
1
Evaluate 9 + 13 - (-55 - -77).
0
What is the value of (6 - -1 - 40) + (56 - 43)?
-20
(-4 - 3 - 1) + 82 + -97
-23
What is the value of 100 + -100 + -16 + (4 - -2)?
-10
Evaluate 4 + ((-4 - -2) + 0 - 1).
1
-23 + 13 + -16 - -4
-22
What is 3 + (3 - -16) - (-4 + 31 + -20)?
15
(2 - (6 - 3)) + (-2 - 17) + -7
-27
6 + 6 - 13 - (0 + -1)
0
Calculate 14 + (-16 - -15) + -7.
6
What is the value of (-5 - -1) + (9 - (29 - 14)) + 25?
15
Evaluate (-1 - 2) + (-7 + -7 - -13).
-4
What is 6 + -24 + 0 + -7 + (6 - -2)?
-17
Calculate (0 - 2) + 3 - (13 - 15) - -9.
12
Evaluate -1 + (20 - (13 - 2)) + 0.
8
What is -9 + -3 + 2 + -6 + 9 + 5?
-2
3 + 5 + -10 + -4 - -16
10
-28 - (-55 - -14) - (-2 + 0)
15
What is the value of -1 - 1 - -1 - (40 - 35 - 11)?
5
What is (-13 - -1) + -3 + 17 + -15 + 7?
-6
-4 + 3 - (-12 - (1 + 2 - 1))
13
What is the value of -1 - 2 - ((18 - 33) + 6)?
6
What is -18 - -1 - ((-9 - -24) + -28 + 18)?
-22
What is the value of (-18 - (12 - 37)) + -10 + 0 - 9?
-12
13 - (7 - (-14 - -18))
10
What is (12 + -17 - -9 - (2 + -1)) + 25?
28
Calculate -5 + -6 - ((-1 - 0) + -3) - -11.
4
Calculate (0 - 5 - -11) + -10.
-4
Evaluate (-29 - (-19 + 5)) + 10 - 8.
-13
What is (3 - -43) + 42 + -73?
15
-16 - ((11 - 0) + (-126 - -108))
-9
What is 5 - (0 + 16 - 23)?
12
-5 - (101 + -106 + (-1 - -15))
-14
8 + (-1 - -3) + (8 - (14 + -8))
12
Evaluate -7 - (13 - (-20 - -29)).
-11
(6 - 14 - -1) + (4 - 2) + 16
11
0 - 2 - (-6 + 6 + -6 - 0)
4
What is (154 - 131) + (0 - 13)?
10
(-10 - (5 + -9)) + (10 - 3) + -1
0
(167 - 174) + 1 + 5
-1
Calculate 1004 + -1018 + (2 - (2 - 42)).
28
Calculate 37 + -44 + (7 - -8).
8
Evaluate (22 - 0 - 12) + -10 + (1 - 24).
-23
-11 + (13 + -13 - -11)
0
What is -1750 + 1750 + (-19 - -1)?
-18
What is the value of 5 + -6 + 12 + (-23 - -1) - -11?
0
What is -11 + 1 + 0 + 12 + 6?
8
36 + -92 + 34 - -39
17
Evaluate -27 - (-4 - (24 + -6)).
-5
Calculate (36 - 17 - 15) + (0 - 1).
3
Evaluate 16 - 0 - (-1015 + 1051).
-20
What is ((-11 - -3) + 16 - 11) + 1 + 1?
-1
What is (-15 - (10 - 12) - -8) + 4?
-1
Calculate 9 - (-11 - (8 - 17)).
11
Calculate -10 - (-1 + -8 - 9).
8
What is -7 + 3 - 7 - (1 - 4) - 27?
-35
Calculate 106 + -95 - (-2 + -1) - 5.
9
What is (-10 - -23 - 17) + (-2 - (6 + -3))?
-9
1 - (78 + -70 + (-4 - 0)) - -4
1
Calculate -1 + 12 + (-954 - -964).
21
30 + 7 + (-38 - -16)
15
What is 4 + -2 - ((-36 - -17) + 9)?
12
Calculate (-18 - -8) + (-7 - -3) - 17.
-31
What is 16 + -22 + -1 + 11 + -1?
3
-2 - (19 - (-3 + (6 - 1)))
-19
What is the value of -3 + 6 + 20 + -11?
12
What is -2 + 2 + -15 + (9 - 4)?
-10
Calculate -10 - (3 - -3) - -24.
8
-7 + -30 + 19 + 0 + 9
-9
Evaluate (92 - 48) + (5 - 10) + -2.
37
What is -1 + (12 - (8 - 19))?
22
What is the value of -5 - ((1 - -3) + (40 - 